Let h(q) = -2*q**3 + 11 + 13*q**d + q**3 + 8*q - 3*q. Is h(8) prime?
False
Is 5*-1 - (-1484)/(-2)*-3 a prime number?
True
Suppose 0 = -2*y + y - 9. Let g be (6/y)/((-4)/18). Suppose q = -g*q + 284. Is q a prime number?
True
Is (-1)/(-2) + (-39368)/(-16) a prime number?
False
Let n be -1 + -2 + 4 + -12. Let w = 83 - n. Is w a composite number?
True
Let u = 7 - 5. Let q be (-5210)/(-40) - -4 - 1/4. Suppose -u*t + 120 = -q. Is t a prime number?
True
Let s(b) = -82*b**2 + 6*b + 1. Let t(n) = -n**2 - n + 1. Let u(x) = -s(x) - 2*t(x). Is u(-4) a prime number?
False
Let l(z) = 5*z - 27. Let a be l(8). Suppose 12323 = a*y - 86568. Is y a prime number?
True
Let k(r) be the second derivative of -2*r**5/5 + 5*r**4/12 + r**3/2 - r**2/2 - 8*r. Is k(-3) a composite number?
False
Suppose -739 + 255 = -4*h. Let l be (-22)/h + 2444/11. Suppose 0*s - 2*f + 131 = s, 2*s - 4*f - l = 0. Is s a prime number?
False
Let d(h) = h**3 + h**2 - 5*h - 8. Let m be d(-7). Let w = m + 44. Let v = w - -526. Is v composite?
True
Let f = -17 + 16. Let j be f*(2 + (-8)/4). Suppose 3*g + j*g = 1185. Is g prime?
False
Is 24/16*(-5)/((-15)/4566) composite?
True
Is 358/(-3)*522/(-12) a composite number?
True
Let r = 413 + 8738. Is r a prime number?
True
Suppose -2*h - 4*g + 88 = 0, 0 = -2*g - g. Suppose 17*f - 180 = -554. Let x = f + h. Is x a composite number?
True
Let t(h) = -h - 3. Let v be t(-7). Suppose v*k + 67 = 5*k. Is k prime?
True
Let r be ((-2)/(-4) + 0)*20. Is (r/(-30))/(2/(-11694)) prime?
True
Let n(k) = 3*k + 27 + 9*k + 28 + 130*k. Is n(16) a composite number?
True
Suppose 0 = 3*p - 8*p + w + 20, -3*w = -15. Suppose 3*d + 1456 = 3*f + 2*d, -d = -p*f + 2430. Is f a prime number?
True
Let j be 3/(-4)*(-48)/18. Let g(i) = -18*i**2 - 15*i + 6 + 64*i**j + 6 + 6*i. Is g(5) a composite number?
False
Suppose 0*x - 5*x - 2*h - 20 = 0, x - 2*h = 8. Let j be 3*-2 + 4/x. Is 76/j*(-4)/2 prime?
True
Let k(a) = 3630*a + 29. Is k(1) composite?
False
Let c be (-16)/(-40) + (-937)/5. Let r = -60 - c. Is r a prime number?
True
Let n = -5 + 9. Suppose 3*d = -2*r + 611 - n, 0 = 4*r + 4*d - 1204. Suppose -2*y - 10 = 0, -3*y = -3*l + r - 122. Is l composite?
False
Let g(v) = -47*v - 17. Let t(n) = 46*n + 17. Let d(o) = -4*g(o) - 3*t(o). Is d(10) composite?
True
Let o = -16 + 21. Suppose 8 = a - 4*q, -a - 3*q = -o + 4. Is 118 - (0/(-2) - a) prime?
False
Let h(l) = 3*l**2 + 28*l + 566. Is h(-19) composite?
False
Suppose 2 = u + 2*c, 4*u - 14 = -5*c + 6. Is (-2)/(-5) - ((-4136)/u - -7) composite?
True
Let r be 10*(-1 + (-9)/(-6))*1. Suppose 0 = r*d - 1819 - 1326. Is d a composite number?
True
Let b = -6 + 6. Suppose -a + b*a = -409. Is a a prime number?
True
Is 2 - 24/16 - (-73647)/14 a composite number?
False
Suppose -13*f = -11*f. Suppose f = u - 4 - 11. Suppose 0*l + 3*l = 4*y + 73, -u = -3*y. Is l a prime number?
True
Let j(a) = 1432*a + 53. Is j(9) composite?
False
Let d = -769 - -1936. Is d prime?
False
Let d(l) = -23*l**3 - 2*l**2 + l + 2. Let x be d(-1). Let j be (-4)/x + 23448/(-22). Let g = j + 1509. Is g a composite number?
False
Is 5692610/198 - (-4)/9 a prime number?
True
Let x(h) = 213*h - 1. Let t be x(4). Let m = t - 214. Let k = m - -418. Is k prime?
False
Suppose 2*q = 0, 55*x + 4*q + 959 = 56*x. Is x composite?
True
Suppose 6*u - 2*u = 0. Is u + 90 - 5/5 a composite number?
False
Let p be (0/4 + -3)/(-1). Suppose -4*l + 3*l - 75 = -2*b, 114 = 3*b - p*l. Is b prime?
True
Suppose -z - 4*y = -1427, 2*y - 7114 = -5*z + 3*y. Suppose 0 = q + 3*x - 899, 0 = 4*q - x + z - 5071. Is q prime?
True
Let m = -26 + 25. Let t(u) = 319*u**2 + u + 1. Is t(m) prime?
False
Let a(c) = c**3 - 14*c**2 - 13*c + 7. Let k(w) = w**3 - 3*w**2 - 5*w - 3. Let q(x) = -x. Let g(m) = -k(m) + q(m). Let z be g(-2). Is a(z) composite?
False
Suppose 5*j + 10 = -5*x, -4*x - 29 = -5*j + 6. Suppose j*r - 598 = -f, 4*f = -3*r + 7*r - 792. Suppose 4*m = 3*o + r, 5*o + 1 = 4*o. Is m a prime number?
False
Let r = -10 - -10. Suppose -v + r*v + 2 = 0. Suppose -5*n + 435 = 4*y, n + v*y + 348 = 5*n. Is n a prime number?
False
Let w be (154 - (-6)/(-9)*6) + -4. Suppose 414 = 3*g - 5*q, g = -2*q + q + w. Is g composite?
True
Is 5077*(3 - (3 - (2 - 1))) composite?
False
Suppose -24 = -3*x - 5*i, -12 - 3 = -5*i. Suppose 5*s + x*s = 15688. Is s composite?
True
Suppose 0 = 5*t - 54222 + 8737. Is t composite?
True
Let l = -1708 - -2469. Is l a composite number?
False
Let i = -6 - -8. Let h(a) = -a**3 - i*a**2 + 32*a**3 + 4*a**2 + a - 1. Is h(2) a composite number?
False
Let k = -6 + -3. Let w(r) = -r**2 - 7*r + 3. Let j be w(k). Let p = 84 + j. Is p composite?
True
Let p = -2540 + 6333. Is p a prime number?
True
Let c = -2391 + 3650. Is c prime?
True
Let q(b) = b**3 + 6*b + 2463. Is q(0) composite?
True
Is (-2 - -5)/(7*18/1231734) a prime number?
True
Suppose 10*p - 4524 - 21566 = 0. Is p prime?
True
Let u be (-1)/(-1) - (4 - (15 + -2)). Suppose u*z + 232 = 14*z. Is z composite?
True
Let d(t) = 47*t - 91. Is d(10) composite?
False
Let m = 6395 - -7464. Is m composite?
False
Let g(x) = x + 3. Let t be (-5)/(-2) + 3/6. Let u be g(t). Suppose -2*f + u*f - 184 = 0. Is f composite?
True
Let k = -3292 - -2031. Let y = 1884 + k. Is y prime?
False
Suppose -2*p = 1 + 19. Is (-16368)/p - (-4*1)/20 composite?
False
Suppose -4*v = x - 3031, -5*x + 45 = 30. Is v composite?
False
Let j = -23 + 23. Let i = -6 - j. Let f(k) = -27*k - 5. Is f(i) a composite number?
False
Let i(y) = -91*y + 2. Let x(c) = c + 1. Let z(t) = i(t) + 3*x(t). Is z(-5) a composite number?
True
Suppose 3*j = -3*w, 3*j + 7*w - 3 = 3*w. Let i(q) be the third derivative of 29*q**5/60 - q**4/12 + q**2. Is i(j) composite?
True
Let p(u) = -11*u - 11. Let y be p(-2). Let f(h) = h**2 + 13*h - 11. Is f(y) a prime number?
False
Let k be (-4)/22 - 40/22. Is -5 + 347 + 2/k prime?
False
Suppose -3*s + 2*i = -3*i - 11190, -s + i + 3728 = 0. Let v = -2614 + s. Is v composite?
True
Let y(s) = 273*s**2 - 2*s + 9. Suppose d = 7*d - 12. Is y(d) composite?
False
Let q be 10/30 + 2/(-6). Suppose -v - 120 = -398. Suppose -v = -q*a - 2*a. Is a composite?
False
Let j(c) = -64*c - 13. Is j(-11) prime?
True
Suppose 0 = -k + 6*k + 4*x - 11118, -2*k + 3*x = -4461. Suppose -11*t + k = -5*t. Is t prime?
False
Suppose -7*r + 3*r - 8 = 0, -4*a = -5*r - 5150. Is a composite?
True
Let q(r) = -5*r - 50. Let a be q(-16). Is 3/(-15) + 47916/a a prime number?
True
Let b = 645 + 898. Is b a prime number?
True
Let g = 17 - 18. Let i be 0/(0 + (-2 - g)). Is 295 - (-4)/(-2 - i) a composite number?
False
Let x be (-63)/15 + 3/15. Let l = x + 9. Suppose -u + 4*u - l*q - 353 = 0, 0 = 5*q - 10. Is u prime?
False
Let y(h) = -204*h + 25. Is y(-6) composite?
False
Suppose -3*d + 28710 = 5*q - 10054, 2*q - d - 15499 = 0. Is q a composite number?
True
Let n(d) = 3*d**3 + 5*d**2 - 6*d + 11. Let b = 69 + -63. Is n(b) prime?
False
Let l(a) = -a**3 + 10*a**2 - 10*a - 2. Let r = 3 - -5. Let t be l(r). Suppose -5*c - 5*v = -250, 3*c + 4*v - t = 99. Is c composite?
True
Let x = 75 - 69. Let m(j) = 41*j**2 + 2*j - 7. Is m(x) a composite number?
False
Let p(m) = 10*m**3 + 3*m**2 - 24*m - 2. Is p(5) a prime number?
False
Suppose -x + n - 255 = 56, 3*x + 921 = -n. Suppose -22*y + 8446 = -1432. Let b = x + y. Is b composite?
True
Suppose 11*t - 1873 = 3363. Suppose t = 4*n - 1272. Is n composite?
True
Let h(v) = 28*v - 27. Let d(b) = 9*b - 9. Let l(o) = -7*d(o) + 2*h(o). Suppose -3*y = -2*i - 23, 2*i + i + 27 = 3*y. Is l(i) prime?
True
Suppose 3*d = 2*d - 5*s + 20, -5*s = -4*d + 155. Suppose -4*y + 220 = 4*t, t + 21 - 176 = -3*y. Let g = y + d. Is g a prime number?
False
Let o = 18505 + -10688. Is o a prime number?
True
Let v = 2005 - -1858. Is v a composite number?
False
Suppose -47357 = 83*d - 206302. Is d a composite number?
True
Let h = 54761 + -38142. Is h composite?
False
Suppose 20*u - 3*u = 143123. Is u a prime number?
True
Suppose i + 843 = 4*y, -5*y - 2*i + 204 = -4*y. Let t = y + 557. Is t a prime number?
False
Let q(z) = 117*z**3 - 17*z**2 + 19*z - 72. Is q(7) composite?
False
Suppose 23*c - 1718 = 21*c. Let z = c - 326. Is z composite?
True
Is 3/(-6)*(-10 + -69808) a prime number?
False
Is (6/(-24)*-252606)/((-3)/(-2)) composite?
False
Suppose -400 = -h + 2*w + 3*w, 2*w - 1251 = -3*h. Suppose -3*a - 2*a + h = 0. Sup